 47, 280729
What are the prime factors of 2388950545?
5, 23, 29, 47, 15241
What are the prime factors of 512814327?
3, 71, 2407579
What are the prime factors of 1153654742?
2, 29, 113, 176023
What are the prime factors of 236820234?
2, 3, 7, 17, 967
What are the prime factors of 1823026284?
2, 3, 547, 30859
List the prime factors of 3688837426.
2, 1844418713
List the prime factors of 44002758.
2, 3, 41, 178873
List the prime factors of 302521878.
2, 3, 207491
What are the prime factors of 113690416?
2, 7, 1015093
List the prime factors of 96722277.
3, 32240759
List the prime factors of 332955518.
2, 7, 23782537
List the prime factors of 259690724.
2, 113, 227, 2531
List the prime factors of 5855907161.
13, 31, 14530787
What are the prime factors of 3538019858?
2, 281, 6295409
List the prime factors of 2919907406.
2, 13, 149, 753719
What are the prime factors of 32488180?
2, 5, 71, 137, 167
List the prime factors of 400681302.
2, 3, 7, 521, 18311
What are the prime factors of 318507431?
11, 19, 379, 4021
List the prime factors of 3993733035.
3, 5, 88749623
What are the prime factors of 73852619?
113, 653563
What are the prime factors of 4076412902?
2, 22349, 91199
What are the prime factors of 852458664?
2, 3, 79, 449609
List the prime factors of 38596582.
2, 829, 23279
What are the prime factors of 2022309516?
2, 3, 168525793
What are the prime factors of 3744245791?
11, 13, 53, 494029
What are the prime factors of 90915818?
2, 7, 1723, 3769
List the prime factors of 12166358.
2, 569, 10691
List the prime factors of 153990803.
153990803
What are the prime factors of 3353587554?
2, 3, 179, 1051, 2971
List the prime factors of 128971647.
3, 7, 101, 20269
List the prime factors of 4244674561.
263, 16139447
What are the prime factors of 126689932?
2, 31, 149, 6857
List the prime factors of 384341476.
2, 113, 701, 1213
List the prime factors of 121464731.
29, 191, 21929
What are the prime factors of 114926709?
3, 38308903
What are the prime factors of 466606140?
2, 3, 5, 7, 11, 13, 17, 457
What are the prime factors of 1197774045?
3, 5, 13, 59, 34703
What are the prime factors of 222815834?
2, 457, 243781
What are the prime factors of 217712407?
11, 1019, 19423
List the prime factors of 411368233.
31, 13269943
What are the prime factors of 2045151733?
227, 761, 11839
What are the prime factors of 756879025?
5, 7, 149, 29027
List the prime factors of 240747312.
2, 3, 13, 281, 1373
List the prime factors of 3175913038.
2, 17, 199, 367, 1279
What are the prime factors of 252778272?
2, 3, 2633107
List the prime factors of 319850221.
319850221
List the prime factors of 177750859.
11, 13, 1243013
What are the prime factors of 3993266644?
2, 1307, 763823
What are the prime factors of 157857054?
2, 3, 19, 1384711
List the prime factors of 192884719.
3137, 61487
List the prime factors of 2804626869.
3, 11, 84988693
What are the prime factors of 41612242?
2, 7, 19, 156437
What are the prime factors of 34095097?
29, 59, 19927
What are the prime factors of 250588299?
3, 13, 494257
What are the prime factors of 3415824625?
5, 61, 347, 1291
What are the prime factors of 1507087111?
17, 6737, 13159
List the prime factors of 941789633.
941789633
List the prime factors of 722970583.
722970583
What are the prime factors of 780150578?
2, 191, 953, 2143
What are the prime factors of 335034611?
2011, 166601
What are the prime factors of 117569377?
117569377
What are the prime factors of 41172788?
2, 109, 94433
List the prime factors of 202139596.
2, 50534899
List the prime factors of 2393609526.
2, 3, 7, 11, 246713
What are the prime factors of 1632483562?
2, 43, 2837, 6691
List the prime factors of 188940717.
3, 7, 73, 5869
What are the prime factors of 51415748?
2, 19, 676523
List the prime factors of 238260744.
2, 3, 1103059
List the prime factors of 112077268.
2, 28019317
List the prime factors of 292923308.
2, 23, 1171, 2719
List the prime factors of 1319785880.
2, 5, 7, 97, 48593
What are the prime factors of 78385983?
3, 13, 2009897
What are the prime factors of 1105755091?
7, 127, 1243819
What are the prime factors of 558829762?
2, 139, 167, 12037
List the prime factors of 2848633581.
3, 9787, 97021
List the prime factors of 455849318.
2, 29, 107, 73453
List the prime factors of 27132237.
3, 11, 53, 5171
What are the prime factors of 66071203?
11, 23, 23741
What are the prime factors of 117255621?
3, 7, 5583601
List the prime factors of 127543503.
3, 17, 157, 937
What are the prime factors of 1381568486?
2, 197, 3506519
What are the prime factors of 215337044?
2, 13, 281, 14737
List the prime factors of 649451051.
17, 1327, 28789
What are the prime factors of 2374947?
3, 87961
List the prime factors of 119208741.
3, 39736247
List the prime factors of 2524638982.
2, 37, 97, 509, 691
What are the prime factors of 559594748?
2, 139898687
What are the prime factors of 974936068?
2, 243734017
List the prime factors of 159682113.
3, 347, 51131
What are the prime factors of 1342808670?
2, 3, 5, 7, 163, 39229
List the prime factors of 310696849.
31, 10022479
List the prime factors of 60664853.
19, 3192887
List the prime factors of 5502379193.
31, 177496103
List the prime factors of 75075608.
2, 2819, 3329
What are the prime factors of 2457583927?
2457583927
List the prime factors of 82446338.
2, 13, 3171013
List the prime factors of 1967997511.
1967997511
What are the prime factors of 2439926147?
71, 5309, 6473
List the prime factors of 271324410.
2, 3, 5, 7, 43, 30047
What are the prime factors of 207116162?
2, 11, 67, 227, 619
What are the prime factors of 4471221034?
2, 7, 17, 18786643
List the prime factors of 53654767.
2347, 22861
What are the prime factors of 666427499?
577, 1154987
What are the prime factors of 4458097812?
2, 3, 7, 313, 24223
What are the prime factors of 690458193?
3, 76717577
List the prime factors of 1162860545.
5, 7, 11, 53, 56989
What are the prime factors of 51603778?
2, 31, 26849
What are the prime factors of 621003805?
5, 179, 693859
List the prime factors of 68312739.
3, 11, 2070083
What are the prime factors of 64361017?
7, 173, 53147
List the prime factors of 1968403386.
2, 3, 211, 1554821
What are the prime factors of 849806317?
31, 1811, 15137
What are the prime factors of 98231095?
5, 31, 197, 3217
List the prime factors of 13092078.
2, 3, 89, 24517
What are the prime factors of 5564843610?
2, 3, 5, 185494787
What are the prime factors of 221641626?
2, 3, 2657, 13903
List the prime factors of 142848424.
2, 107, 109, 1531
What are the prime factors of 27403375?
5, 41, 5347
List the prime factors of 613956951.
3, 71, 960809
What are the prime factors of 1354764950?
2, 5, 7, 11, 351887
What are the prime factors of 10842884?
2, 13, 109, 1913
List the prime factors of 150496664.
2, 97, 193939
List the prime factors of 1355870286.
2, 3, 19, 23, 57457
What are the prime factors of 341300?
2, 5, 3413
List the prime factors of 54926242.
2, 7, 3923303
What are the prime factors of 52825052?
2, 7, 17, 110977
List the prime factors of 1364899941.
3, 19, 7981871
List the prime factors of 70854513.
3, 23, 353, 2909
List the prime factors of 243164586.
2, 3, 7, 197, 29389
List the prime factors of 231043391.
5839, 39569
What are the prime factors of 44433254?
2, 59, 61, 6173
What are the prime factors of 337207579?
337207579
List the prime factors of 111657860.
2, 5, 37, 150889
What are the prime factors of 398671620?
2, 3, 5, 6644527
List the prime factors of 151724569.
151724569
List the prime factors of 248958541.
13, 19150657
What are the prime factors of 7521275?
5, 300851
List the prime factors of 1543047851.
23, 137, 251, 1951
List the prime factors of 13145811.
3, 7, 17, 23, 1601
What are the prime factors of 415191047?
7307, 56821
List the prime factors of 2191233595.
5, 71, 6172489
What are the prime factors of 35626977?
3, 23, 109, 1579
List the prime factors of 2070570.
2, 3, 5, 69019
List the prime factors of 1088762175.
3, 5, 41, 39341
What are the prime factors of 587755752?
2, 3, 24489823
What are the prime factors of 728392992?
2, 3, 53, 143159
List the prime factors of 515724192.
2, 3, 59, 67, 151
What are the prime factors of 27636155?
5, 509, 10859
What are the prime factors of 234579748?
2, 13, 4511149
What are the prim